{"id":3177,"date":"2024-02-10T19:39:03","date_gmt":"2024-02-10T18:39:03","guid":{"rendered":"https:\/\/casamansun.com\/?page_id=3177"},"modified":"2026-04-01T14:23:55","modified_gmt":"2026-04-01T12:23:55","slug":"comite-scientifique","status":"publish","type":"page","link":"https:\/\/casamansun.com\/index.php\/comite-scientifique\/","title":{"rendered":"Comit\u00e9 Scientifique 2024"},"content":{"rendered":"\n<p>Le comit\u00e9 scientifique de Casamansun 2024 est compos\u00e9e de l\u2019\u00e9quipe suivante :<\/p>\n\n\n\n<p>Pr Mamadou BADJI (UASZ)<br>Pr Di\u00e9ne NGOM DIEDHIOU (UASZ)<br>Dr Amadou Hamath DIA (UASZ)<br>Dr Bamol Ali SOW (UASZ)<br>Pr Moctar CAMARA (UASZ)<br>Pr Lat Grand NDIAYE (UASZ)<br>Pr Diouma KOBOR (UASZ)<br>Dr Samo DIATTA (UASZ)<br>Dr Moustapha THIAME (UASZ)<br>Dr Joseph Sambasene DIATTA (UASZ)<br>Dr Mamdou Lamine MBAYE (UASZ)<br>Dr Edouard DIOUF (UASZ)<br>Dr Ibrahima Mbaye (UASZ)<br>Pr Abdoulaye GASSAMA (UASZ)<br>Pr Salomon SAMBOU (UASZ)<br>Dr\u00a0Cheikh FAYE (UASZ)<br>Dr Ngor NDOUR (UASZ)<br>Dr Marie NDIAYE (UASZ)<br>Dr Tidiane SANE (UASZ)<br>Dr Sir\u00e9 DIEDHIOU (UASZ)<br>Dr Saidou Nourou DIOP (UASZ)<br>Pr Amadou Seidou MAIGA (UGB)<br>Dr Marie Emilienne FAYE (UGB)<br>Dr Djicknoum DIOUF (UGB)<br>Dr Abdoulaye DEME (UGB)<br>Pr Amadou Thierno GAYE (ESP\/UCAD)<br>Pr Cheikh M. Fadel KEBE (ESP\/UCAD)<br>Pr Pape Alioune NDIAYE (ESP\/UCAD) \u00a0<br>Pr Mamadou Lamine NDIAYE (ESP\/UCAD<br>Dr Ababacar NDIAYE (ESP\/UCAD)<br>Pr Saidou Moustapha SALL (ESP\/UCAD)<br>Pr Vincent SAMBOU (ESP\/UCAD))<br>Pr Mamadou Lamine SOW (CERER\/UCAD)<br>Dr Amadou DIAO (FST\/UCAD)<br>Dr Mactar FAYE (UADB)<br>Pr Senghane MBODJI (UADB)<br>Pr Biram DIENG (UADB)<br>Dr Ababacar THIAM (UADB)<br>Dr Alphousseyni NDIAYE (UADB)<br>Pr Salif GAYE (UIDT)<br>Dr Ibrahima SAKHO (UIDT)<br>Dr Ousmane SOW (UIDT)<br>Dr Mouhamadou THIAM (EPT)<br>Pr Mmantsae DIALE (Universit\u00e9 de Pr\u00e9toria)<br>Pr Nahla BOUAZIZ (Universit\u00e9 de Tunis)<br>Dr Nasser BELMILOUD (CasamanScience)<br>Dr Laurent OTTAVIANI (IM2NP-Marseille)<br>Dr Dimitri MANGA (CasamanScience)<br>Pr Ulf BLIESKE (TH K\u00f6ln)<br>PRAG Lo\u00efc MAILLIER (IUT de Ville d\u2019Avray, UPN)<br>Dr Lavinia GROSU (IUT de Ville d\u2019Avray, UPN)<br>Dr Alfredo NAPOLI (CIRAD)<br>Dr Jean-Michel COMMANDRE (CIRAD)<br>Dr Capucine DUPONT (IHE)<\/p>\n","protected":false},"excerpt":{"rendered":"<p>Le comit\u00e9 scientifique de Casamansun 2024 est compos\u00e9e de l\u2019\u00e9quipe suivante : Pr Mamadou BADJI (UASZ)Pr Di\u00e9ne NGOM DIEDHIOU (UASZ)Dr Amadou Hamath DIA (UASZ)Dr Bamol Ali SOW (UASZ)Pr Moctar CAMARA (UASZ)Pr Lat Grand NDIAYE (UASZ)Pr Diouma KOBOR (UASZ)Dr Samo DIATTA (UASZ)Dr Moustapha THIAME (UASZ)Dr Joseph Sambasene DIATTA (UASZ)Dr Mamdou Lamine MBAYE (UASZ)Dr Edouard DIOUF (UASZ)Dr Ibrahima Mbaye (UASZ)Pr Abdoulaye GASSAMA (UASZ)Pr Salomon SAMBOU (UASZ)Dr\u00a0Cheikh FAYE (UASZ)Dr Ngor NDOUR (UASZ)Dr Marie NDIAYE (UASZ)Dr Tidiane SANE (UASZ)Dr Sir\u00e9 DIEDHIOU (UASZ)Dr Saidou Nourou DIOP (UASZ)Pr Amadou Seidou MAIGA (UGB)Dr Marie Emilienne FAYE (UGB)Dr Djicknoum DIOUF (UGB)Dr Abdoulaye DEME (UGB)Pr Amadou Thierno GAYE (ESP\/UCAD)Pr Cheikh M. Fadel KEBE (ESP\/UCAD)Pr Pape Alioune NDIAYE (ESP\/UCAD) \u00a0Pr Mamadou Lamine NDIAYE (ESP\/UCADDr Ababacar NDIAYE (ESP\/UCAD)Pr Saidou Moustapha SALL (ESP\/UCAD)Pr Vincent SAMBOU (ESP\/UCAD))Pr Mamadou Lamine SOW (CERER\/UCAD)Dr Amadou DIAO (FST\/UCAD)Dr Mactar FAYE (UADB)Pr Senghane MBODJI (UADB)Pr Biram DIENG (UADB)Dr Ababacar THIAM (UADB)Dr Alphousseyni NDIAYE (UADB)Pr Salif GAYE (UIDT)Dr Ibrahima&hellip;<\/p>\n<p> <a class=\"more-link\" href=\"https:\/\/casamansun.com\/index.php\/comite-scientifique\/\">Read more<\/a><\/p>\n","protected":false},"author":1,"featured_media":0,"parent":0,"menu_order":0,"comment_status":"closed","ping_status":"closed","template":"","meta":{"footnotes":""},"_links":{"self":[{"href":"https:\/\/casamansun.com\/index.php\/wp-json\/wp\/v2\/pages\/3177"}],"collection":[{"href":"https:\/\/casamansun.com\/index.php\/wp-json\/wp\/v2\/pages"}],"about":[{"href":"https:\/\/casamansun.com\/index.php\/wp-json\/wp\/v2\/types\/page"}],"author":[{"embeddable":true,"href":"https:\/\/casamansun.com\/index.php\/wp-json\/wp\/v2\/users\/1"}],"replies":[{"embeddable":true,"href":"https:\/\/casamansun.com\/index.php\/wp-json\/wp\/v2\/comments?post=3177"}],"version-history":[{"count":4,"href":"https:\/\/casamansun.com\/index.php\/wp-json\/wp\/v2\/pages\/3177\/revisions"}],"predecessor-version":[{"id":3355,"href":"https:\/\/casamansun.com\/index.php\/wp-json\/wp\/v2\/pages\/3177\/revisions\/3355"}],"wp:attachment":[{"href":"https:\/\/casamansun.com\/index.php\/wp-json\/wp\/v2\/media?parent=3177"}],"curies":[{"name":"wp","href":"https:\/\/api.w.org\/{rel}","templated":true}]}}